{"id":46,"date":"2023-10-29T18:02:15","date_gmt":"2023-10-29T18:02:15","guid":{"rendered":"http:\/\/www.srv61794.seohost.com.pl\/?page_id=46"},"modified":"2025-09-10T10:53:50","modified_gmt":"2025-09-10T10:53:50","slug":"kontakt","status":"publish","type":"page","link":"https:\/\/www.terapeutka.org\/index.php\/kontakt\/","title":{"rendered":"Kontakt"},"content":{"rendered":"\n<p><strong>Sylwia Makal<\/strong><br>sylwiamakal@terapeutka.org<br>tel. +48 728&nbsp;918&nbsp;720<\/p>\n\n\n\n<p><strong>Gabinet Psychoterapii i Leczenia Uzale\u017cnie\u0144<\/strong><\/p>\n\n\n\n<p>ul. Niepodleg\u0142o\u015bci 17 <br>41-205 Sosnowiec<\/p>\n\n\n\n<p><\/p>\n\n\n<p><iframe src=\"https:\/\/www.google.com\/maps\/embed?pb=!1m18!1m12!1m3!1d2549.4628102869437!2d19.12657261176416!3d50.283288171442145!2m3!1f0!2f0!3f0!3m2!1i1024!2i768!4f13.1!3m3!1m2!1s0x4716da98871324ed%3A0x3807f167899f3716!2sNiepodleg%C5%82o%C5%9Bci%2017%2C%2041-205%20Sosnowiec!5e0!3m2!1spl!2spl!4v1698609107539!5m2!1spl!2spl\" width=\"600\" height=\"450\" style=\"border:0;\" allowfullscreen=\"\" loading=\"lazy\" referrerpolicy=\"no-referrer-when-downgrade\"><\/iframe><\/p>","protected":false},"excerpt":{"rendered":"<p>Sylwia Makalsylwiamakal@terapeutka.orgtel. +48 728&nbsp;918&nbsp;720 Gabinet Psychoterapii i Leczenia Uzale\u017cnie\u0144 ul. Niepodleg\u0142o\u015bci 17 41-205 Sosnowiec<\/p>\n","protected":false},"author":1,"featured_media":0,"parent":0,"menu_order":0,"comment_status":"closed","ping_status":"closed","template":"","meta":{"ngg_post_thumbnail":0,"footnotes":""},"class_list":["post-46","page","type-page","status-publish","hentry","grid-sizer"],"_links":{"self":[{"href":"https:\/\/www.terapeutka.org\/index.php\/wp-json\/wp\/v2\/pages\/46","targetHints":{"allow":["GET"]}}],"collection":[{"href":"https:\/\/www.terapeutka.org\/index.php\/wp-json\/wp\/v2\/pages"}],"about":[{"href":"https:\/\/www.terapeutka.org\/index.php\/wp-json\/wp\/v2\/types\/page"}],"author":[{"embeddable":true,"href":"https:\/\/www.terapeutka.org\/index.php\/wp-json\/wp\/v2\/users\/1"}],"replies":[{"embeddable":true,"href":"https:\/\/www.terapeutka.org\/index.php\/wp-json\/wp\/v2\/comments?post=46"}],"version-history":[{"count":8,"href":"https:\/\/www.terapeutka.org\/index.php\/wp-json\/wp\/v2\/pages\/46\/revisions"}],"predecessor-version":[{"id":304,"href":"https:\/\/www.terapeutka.org\/index.php\/wp-json\/wp\/v2\/pages\/46\/revisions\/304"}],"wp:attachment":[{"href":"https:\/\/www.terapeutka.org\/index.php\/wp-json\/wp\/v2\/media?parent=46"}],"curies":[{"name":"wp","href":"https:\/\/api.w.org\/{rel}","templated":true}]}}